211231130 (base 4) in base 9?
254782
What is 111200 (base 16) in base 7?
12336401
-715606 (base 8) to base 3
-110000022101
Convert 1010152 (base 12) to base 15.
3e5e1b
Convert -de997c (base 15) to base 14.
-15a3a98
Convert 273bb (base 12) to base 3.
2202021022
-871155 (base 12) to base 7
-24112331
What is -3301200 (base 5) in base 4?
-31301221
Convert -3f379 (base 16) to base 4.
-333031321
-4213 (base 6) to base 14
-4b7
Convert -31824 (base 9) to base 7.
-115315
What is 7eb19 (base 16) in base 7?
4260636
1010100100011100000 (base 2) to base 9
577067
Convert 36572 (base 15) to base 12.
843a5
Convert -141025512 (base 6) to base 16.
-2b7c54
Convert -40143522 (base 6) to base 15.
-175ceb
What is -125a29 (base 16) in base 4?
-10211220221
-3584271 (base 13) to base 5
-13220341343
Convert 45d94 (base 16) to base 5.
33123400
What is 110000201321 (base 4) in base 8?
24004171
-b38dd (base 14) to base 11
-275aa7
73684 (base 11) to base 14
2b162
What is 221033123 (base 4) in base 7?
1302326
Convert 2261135 (base 7) to base 14.
7558c
What is -134a8a (base 13) in base 15?
-93813
10936 (base 14) to base 13
15406
-170a8 (base 15) to base 7
-426635
What is -4aadc (base 14) in base 6?
-3532230
What is 2442004 (base 7) in base 16?
4c5f4
What is 300212232 (base 4) in base 15?
3dec6
What is -843a1 (base 16) in base 15?
-aa71b
Convert 588302 (base 9) to base 15.
6ec75
Convert 11526428 (base 10) to base 2.
101011111110000100011100
-1aa4810 (base 11) to base 13
-969bb6
Convert 4600420 (base 7) to base 15.
b459d
What is -2a1284 (base 11) in base 14?
-c34c1
Convert -209a2 (base 11) to base 10.
-30483
What is -2602263 (base 8) in base 12?
-2a9a6b
Convert -346603 (base 7) to base 14.
-18a3a
What is -648918 (base 13) in base 15?
-3198d0
Convert -86be3 (base 15) to base 11.
-272575
What is -4535054 (base 7) in base 5?
-121013323
Convert -a5467 (base 14) to base 10.
-398755
312ddd (base 14) to base 3
10010100020220
Convert 3016003 (base 8) to base 13.
21a2b5
What is 1765605 (base 8) in base 3?
222100222220
What is -481509 (base 10) in base 6?
-14153113
-4042737 (base 8) to base 2
-100000100010111011111
What is -1699575 (base 10) in base 7?
-20306013
What is 3034043 (base 5) in base 10?
49273
-24134203 (base 5) to base 14
-5ba59
503691 (base 13) to base 6
103542300
What is 14bc17 (base 13) in base 14?
d46da
What is 128ab3 (base 12) in base 10?
305703
53224241 (base 6) to base 5
344340003
What is -24ba5 (base 15) in base 4?
-130222010
fe5c5 (base 16) to base 14
1d1989
Convert -72f41 (base 16) to base 11.
-2a1835
-1611eb (base 16) to base 15
-1d8854
c4888 (base 15) to base 5
124413203
What is -56325001 (base 7) in base 16?
-4a78a4
c8d88 (base 14) to base 11
301936
What is -7da62 (base 14) in base 7?
-2414652
323082 (base 10) to base 8
1167012
1101101011100001011010 (base 2) to base 8
15534132
What is -1866506 (base 9) in base 13?
-2a9012
31752b (base 13) to base 4
10122320231
Convert -104866 (base 16) to base 10.
-1067110
485b5 (base 16) to base 12
123619
Convert -54a7a (base 16) to base 14.
-90518
Convert -3b54af (base 16) to base 8.
-16652257
What is -6567b (base 15) in base 13?
-b37b3
What is 10011011010111011011 (base 2) in base 12?
268337
Convert -200234 (base 10) to base 13.
-701a8
-414771 (base 9) to base 4
-330020200
What is -94540 (base 12) in base 6?
-4055320
What is -2dcac (base 14) in base 12?
-56680
Convert -3a490 (base 11) to base 16.
-e1d8
What is 35872 (base 9) in base 14?
8a93
What is 10363105 (base 7) in base 2?
11011001001001101101
What is -20120001001201 (base 3) in base 11?
-1a70099
Convert -11502304 (base 6) to base 14.
-97560
-3432 (base 12) to base 4
-1122212
Convert -14333151 (base 6) to base 2.
-1111000101110011011
What is 6c2417 (base 13) in base 14?
4b08a0
Convert -329c2a (base 14) to base 15.
-23dcca
-131452 (base 6) to base 7
-50102
331a11 (base 11) to base 13
1570b9
Convert 1001001100110110101 (base 2) to base 8.
1114665
451452 (base 7) to base 5
10023214
-2a0017 (base 11) to base 16
-72632
Convert -14631 (base 11) to base 2.
-101000011110101
Convert dc7730 (base 15) to base 16.
a049ac
Convert -221310322301 (base 4) to base 13.
-236b982
-20102000111 (base 3) to base 8
-366262
Convert 10a0c8a (base 13) to base 12.
1867995
-fb860 (base 16) to base 2
-11111011100001100000
Convert 121151405 (base 6) to base 10.
2300765
What is 47a628 (base 13) in base 15?
23b197
What is 581831 (base 10) in base 15?
b75db
Convert 30160473 (base 8) to base 16.
60e13b
10110100111000001010 (base 2) to base 10
740874
Convert 771137 (base 8) to base 2.
111111001001011111
-14024520 (base 6) to base 7
-3665604
Convert 125520543 (base 6) to base 8.
11457017
Convert -cc7e9 (base 15) to base 5.
-131243134
What is 214430 (base 5) in base 6?
54402
Convert 83624 (base 13) to base 3.
102222220022
Convert -5a02e3 (base 16) to base 10.
-5898979
What is 112112221002 (base 3) in base 2?
1000101111011101101
Convert 1001011001101101110 (base 2) to base 7.
2422121
12205233 (base 7) to base 14
206b1a
-11023033331 (base 4) to base 14
-274661
-1c01f (base 16) to base 13
-402a7
What is -70554 (base 12) in base 14?
-3b280
-22aabb0 (base 13) to base 7
-156666130
What is 66d87 (base 15) in base 9?
547561
-424311421 (base 5) to base 16
-1b55fe
10101101010101000000 (base 2) to base 6
23114452
Convert -4c007 (base 16) to base 15.
-62388
493e7 (base 15) to base 14
61299
Convert -203003302 (base 4) to base 12.
-6b12a
Convert 335b0 (base 12) to base 14.
1ac28
Convert 6b566d (base 16) to base 9.
14211435
Convert 24239 (base 14) to base 4.
111202323
-32617717 (base 9) to base 8
-74141032
-153103 (base 10) to base 15
-3056d
What is 2fecfe (base 16) in base 15?
42095c
What is 12352545 (base 6) in base 9?
674682
-143151 (base 8) to base 13
-1a172
-12054525 (base 8) to base 13
-7177a5
Convert -121557 (base 9) to base 12.
-36551
What is 3333211231 (base 4) in base 6?
34234421
What is -773891 (base 13) in base 9?
-5247472
What is 5506d (base 15) in base 5?
32120403
What is -10001000010000111001 (base 2) in base 12?
-22abb5
-211539 (base 13) to base 7
-6403152
Convert -1ab657 (base 12) to base 16.
-743e3
1001112001221 (base 3) to base 4
2021003212
Convert -120406 (base 7) to base 9.
-32824
Convert 310113120 (base 4) to base 7.
1552221
32443340 (base 7) to base 8
12475333
What is -1053450451 (base 6) in base 7?
-201031615
What is 118517 (base 10) in base 13?
41c39
22073 (base 8) to base 4
2100323
-172ab (base 16) to base 7
-543436
What is 2c0242 (base 14) in base 2?
101110111010001000010
355320 (base 6) to base 12
15b40
What is -1b07c (base 14) in base 6?
-1250034
-240024424 (base 5) to base 7
-12212132
Convert -1643507 (base 8) to base 14.
-c5b95
Convert 6603019 (base 10) to base 9.
13373567
-23433321 (base 5) to base 9
-361878
Convert 327925 (base 11) to base 2.
1111111101001110100
What is 508327 (base 10) in base 11?
317a06
Convert -1324320223 (base 5) to base 12.
-1159286
What is -32c8b (base 16) in base 13?
-738ab
Convert -1474e (base 15) to base 13.
-23c27
-3c005 (base 13) to base 12
-54a18
What is -1022161 (base 7) in base 2?
-11110000101011101
What is 781e5 (base 15) in base 4?
1131031313
What is 202211002110 (base 3) in base 15?
81629
Convert -1485731 (base 10) to base 14.
-2a9639
Convert -432a62 (base 15) to base 9.
-6014422
What is 62aaa5 (base 11) in base 9?
1808680
-1108611 (base 9) to base 10
-596818
What is -2041a8b (base 13) in base 15?
-cd0579
What is 1100011111111011 (base 2) in base 9?
77203
81713a (base 11) to base 6
44044310
Convert 4113001 (base 5) to base 16.
10442
Convert -9c881d (base 14) to base 7.
-63155436
1e993e (base 16) to base 8
7514476
Convert d5635 (base 14) to base 15.
a2601
-b888a (base 12) to base 2
-111011010111101010
What is -212434240 (base 5) in base 15?
-12d4b5
-404b6 (base 14) to base 9
-255066
-553813 (base 12) to base 14
-27371d
-9925 (base 10) to base 3
-111121121
-3430455 (base 8) to base 14
-1a2d53
5c96c8 (base 15) to base 4
100323011000
Convert -418665 (base 9) to base 4.
-330310232
What is -303010231 (base 4) in base 3?
-101121222001
What is b4860 (base 16) in base 10?
739424
Convert 202055b (base 12) to base 5.
3014423411
Convert -22101002102 (base 3) to base 6.
-3311015
Convert -224140 (base 10) to base 8.
-665614
e585 (base 15) to base 5
3023000
Convert 